rime number?
False
Is (92 - 90)*-2*((-446822)/8 - 3) prime?
True
Let m(l) = -3*l**3 + 5*l**2 + 10*l + 8. Let n be m(5). Is ((-144)/n)/(6/24872) a composite number?
False
Let v(q) = -q**2 + 6*q + 19. Let f be v(8). Suppose 5*c = 3*o - 3659, -f*o + 0*c + 4*c + 3664 = 0. Suppose -3*y + 1260 = y + 4*h, -4*y + o = -4*h. Is y prime?
True
Suppose 206 = 2*b + 4*x, 11*b - 8*b + 5*x = 306. Is b a prime number?
True
Let d = -96560 - -145407. Is d prime?
True
Let w(g) = -3*g**2 + 51*g + 6. Let l be w(18). Is l + 42 + 0 + 379 composite?
False
Suppose 2*i = -5*i + 35. Suppose 4*d = 5*p + 44324, -i*d + 5*p + 22162 = -3*d. Is d prime?
False
Suppose 0 = 28*o - 24*o - 4*s - 10425756, 10425740 = 4*o - 2*s. Is o composite?
False
Let p be (-18)/2*8/(-12). Let c = -1 + p. Let h(j) = 138*j + 11. Is h(c) composite?
False
Suppose 1285082 - 797602 - 4384265 = -5*h. Is h a composite number?
False
Is (-437243)/(-4) + (-135)/108 + 3/(-6) prime?
False
Suppose 641640 = 62*r - 22*r. Is r a composite number?
True
Suppose -5*r + 0*a + 28 = a, -3*a = -2*r + 1. Suppose 1107 = -4*c + 5*c - r*q, q - 4470 = -4*c. Is c a composite number?
False
Let y(a) = 505*a - 23. Let h be y(-5). Let o = -725 - h. Is o a prime number?
True
Is 116885 + (-325)/130*(-1)/(10/24) composite?
True
Suppose -2*g - 6 = 0, 35 = 5*z + g - 6*g. Suppose -2*h + 9718 = 4*s, -h - 4*h + z*s + 24351 = 0. Is h prime?
False
Let x be (11 + -11)*(-1)/(-2). Suppose -4*s - h = -30083, 3*h + 15 = -x*h. Is s a composite number?
True
Suppose 0 = 4*d - u - 16828, -4 = u - 0. Is d/12*(15 + -5) a composite number?
True
Let g(o) = o**3 - 6*o**2 + 3*o - 20. Suppose -3*k = -3*t - 24, 2*k = 6*k + 5*t - 14. Let r be g(k). Is ((-43 - r)/(-1))/((-1)/(-11)) prime?
False
Is (1 + -150650)/(-32 + -12 + 43) a composite number?
False
Let b(j) = 743*j**2 + 46*j - 376. Is b(7) prime?
True
Let n(s) = 3848*s + 393. Is n(17) prime?
True
Let i(r) = 15*r**2 - 82*r + 30. Let p(x) = -5*x**2 + 27*x - 10. Let c(y) = -4*i(y) - 11*p(y). Let k be c(16). Let f = k + 1731. Is f prime?
True
Let f(j) = 36*j + 6*j**2 + 48*j + 14 - 100*j. Is f(-6) composite?
True
Suppose 0 = -7200*p + 7194*p + 2295102. Is p composite?
True
Let b(l) = 71*l**3 + 2*l**2 + l + 3. Let k be -5*4/60*-6. Is b(k) a composite number?
True
Suppose 4*y + 3*p = 29, 91*y - 94*y + 6 = -3*p. Let m be 1/4 - 8391/(-4). Suppose 3*b + m - 643 = g, 2*g - y*b - 2912 = 0. Is g a composite number?
True
Let x be (-18)/(-4) + (-8)/16. Suppose -3*g - 4*b = -8137, -x*b + 16 + 0 = 0. Is g composite?
False
Let u(x) = -7996*x**3 - 2*x**2 - 10*x - 11. Is u(-3) a prime number?
True
Suppose -x - 1313 + 8615 = -2*v, -4*v + 5*x = 14604. Let f = 6392 + v. Is f composite?
False
Let i(u) = -u - 17. Let m be i(-29). Let t be (-112)/m*6153/(-2). Suppose -3*f + 14348 = v + v, -3*f - t = -4*v. Is v a prime number?
True
Is (-15 + 11)*(4 + 715130/(-8)) a composite number?
True
Let a be 2 + 32/(-18) - 129/(-27). Let i be -3*4*(-3)/(-12) - a. Is (1 + 1)/(i/948*-3) composite?
False
Let l(u) = 7*u**2 + 14*u - 2*u**2 + 37 - 4*u**2. Is l(-20) composite?
False
Let x(y) = -367*y - 2. Let v be x(-2). Let j(a) = -3*a**3 + 3*a**2 - 4*a - 23. Let m be j(-7). Suppose 2*f + z = m, 3*f - v = -z + 1040. Is f a prime number?
False
Let k = 61569 + -10808. Is k composite?
True
Is ((-18)/(-297)*187)/((-2)/(-6081)) a composite number?
True
Suppose 5*t = 2*k + 1509555, 15*t + 3*k = 12*t + 905754. Is t a composite number?
False
Let u(w) = -28*w - 14. Let z be u(-4). Let y = 216 - z. Suppose -1696 = -2*x + y. Is x prime?
True
Let r be 1/(-5) + 2122/10. Let t(o) = 2*o**3 - 5*o**2 - 4. Let m be t(3). Suppose m*p + r = 2177. Is p a prime number?
False
Suppose 0*s + 20 = 10*s. Suppose s*a + 337 = 5*t - 2*t, -3*t + 333 = -3*a. Let u = 1324 + t. Is u composite?
False
Let i = 83 + -81. Suppose -5*k - 1177 = -i*d - 2*k, -d + 569 = 5*k. Let c = 1681 - d. Is c a composite number?
False
Let g(r) = 3*r**3 - 25*r**2 - 139*r - 185. Is g(40) a composite number?
True
Let z be ((-4)/(-5))/(1 - (-124)/(-120)). Let c = z - 21. Is (-11845)/c + 6/(-27) a prime number?
True
Suppose -4*h - 39*w + 37*w = 4920, 4 = -w. Is (0 + 69/6)/((-2)/h) a prime number?
False
Let a = -214 - 2835. Let h = 6186 + a. Is h a prime number?
True
Let a(d) = -6592*d**3 + 12*d**2 + 15*d + 20. Is a(-3) prime?
True
Suppose 2*p = -3*k + 9186, -4*p - 4593 = -5*p + 5*k. Let z = p - 1736. Is z a prime number?
True
Let k = 28811 - 13422. Is k a composite number?
True
Let h(c) = 6*c**2 - 7*c + 32. Let t be h(-15). Let f = 2281 - t. Is f prime?
False
Let c = 20857 + -12396. Let l(d) = 372*d**2 - 4*d + 4. Let h be l(4). Let i = c - h. Is i a prime number?
True
Let d(c) = c**2 + 33*c + 46. Let a be d(-31). Is (a/(-24))/((-4)/(-41682)) a prime number?
True
Let n = -67 + 89. Let v(d) = 2*d**2 - 43*d - 24. Let b be v(n). Is ((-318)/(-12))/(b/(-8)) prime?
False
Suppose 21*t = -44*t + 657215. Is t a prime number?
True
Suppose 4*v - 2566 - 1638 = 0. Let n = -1858 + 1280. Let m = n + v. Is m prime?
False
Suppose 13392*s = 13426*s - 781082. Is s a prime number?
True
Is (-3*2/4)/((-87)/2154062) composite?
False
Let h = 3734 - -754. Suppose 5703 = 3*o - h. Is o a prime number?
False
Suppose -96002 = m - 4*m + v, 0 = -4*m - 5*v + 128047. Is m prime?
True
Suppose -3*w + 4*p = -42721, -5*w + 71429 = p + 189. Let y = -8498 + w. Is y composite?
False
Let d(y) = 5*y**2 + 66*y + 144. Is d(55) a composite number?
False
Suppose 107625 = 2*i + o, 4*o = 5*i + 3*o - 269066. Is i composite?
False
Let a(i) = 14*i**3 - 219*i**2 - 31*i - 73. Is a(30) prime?
True
Let m(t) = 60039*t**2 + 17*t + 9. Is m(-2) composite?
False
Let y = 1191668 - -17669. Is y prime?
True
Let k(p) = 15*p**2 - p + 15. Let d(f) = -2*f**2 + 2*f. Let w be d(2). Let b be w - 1/(1/3). Is k(b) a composite number?
False
Let q = 2674619 + -1470258. Is q a composite number?
True
Is 1 + 9 + 13433 + -2 composite?
False
Let x be -2 - 0 - (-36)/12. Let v(g) = 525*g**2 + g - 2. Let u be v(x). Let y = 906 - u. Is y a composite number?
True
Let c(m) = m + 28. Let z be c(-23). Suppose -3*a - 5*k + 21216 = 0, 20 = z*k + 5. Is a composite?
True
Suppose -10 = -n + 5*h - 3, 9 = 3*n - 3*h. Is (-173810)/(-90) + n/(-9) prime?
True
Suppose 0 = 5*h + 2*b - 308245, 28*h + b = 33*h - 308260. Is h composite?
False
Let h(a) = -4*a**3 + 8 - 3 - 40*a**2 - 17*a - 3. Is h(-13) composite?
False
Let k = 39 - 34. Suppose k*f + 3*l = 40, -3*f - 5*l = f - 45. Suppose -3 = q, -8407 = -2*v - 0*q - f*q. Is v composite?
False
Let h = -10526 - -22752. Let k = -6932 + h. Is k a prime number?
False
Let u(x) be the second derivative of -89*x**3/6 - 29*x**2/2 + 7*x + 2. Is u(-28) a composite number?
True
Suppose 8*h + 28*h = 54*h - 1682334. Is h composite?
False
Is ((-545480)/(-1300))/(2*(-1)/(-955)) composite?
True
Let t(a) = -a**2 + 2. Let q(o) = 64*o**2 - 28*o + 8. Let v(n) = q(n) + 5*t(n). Let s be v(15). Suppose -w - 2*w = -s. Is w a composite number?
True
Suppose 4*h - r - 1 = -18, 4*h + 2 = -2*r. Is h/9 - (-7000)/3 prime?
True
Suppose 0 = 9*u + 29411 + 5599. Let k = 5583 + u. Is k a prime number?
True
Let x = 82 - -14785. Is x prime?
True
Let p(m) = -2*m**2 + 16*m - 11. Let n be p(7). Let t(g) = 666*g - 25. Is t(n) composite?
False
Let u = 285 + -279. Is 39328 - 21*u/(-18) a prime number?
False
Suppose -1315788 = -31*a - 425654 + 978825. Is a a composite number?
False
Let x(t) = 86 + 2*t + 37 + 4. Let p(f) = -f**2 + 8*f - 7. Let a be p(7). Is x(a) a prime number?
True
Let w be (9/4)/(1056564/(-176096) - -6). Suppose 0 = 15*m + w - 105573. Is m prime?
False
Let p be ((-150)/39 - -4) + (-37)/(-13). Suppose 2*f + 3*b = 6227 + 10688, -p*f = -4*b - 25415. Is f composite?
True
Let b be ((-26)/130)/((-2)/130). Suppose 8*z = b*z - 17165. Is z a composite number?
False
Suppose -7*r + 8*r + 2295 = 0. Let n = r + 3452. Let i = -654 + n. Is i composite?
False
Is (449782/(-10))/(2/(-22) - (-246)/(-2255)) a prime number?
True
Let u(a) = 27*a**2 + 124*a - 182. Is u(-45) a composite number?
True
Suppose -3*f + 787778 = 5*j, -3*f + 12 = -6*f. Is j composite?
True
Suppose -z + a = 1057, 5*z - 3*a + 5295 = -0*a. Let t = z + 531. Let r = 1850 + t. Is r composite?
False
Let d(m) = -7914*m**3 - 18*m**2 - 55*m - 3. Is d(-2) a prime number?
True
Let h be 609/(-3) - (0 - 1). Let s = 17 - h. Suppose -2*g - s + 57